Nov 30 20:56:51.537 INFO testing werkshy/hello-rust against master#8940af3cea4a9a9deabcaf843b2f8cad9a83fc61 for beta-1.31-5
Nov 30 20:56:51.537 INFO running `"docker" "create" "-v" "/mnt/big/crater/work/local/target-dirs/beta-1.31-5/worker-0/master#8940af3cea4a9a9deabcaf843b2f8cad9a83fc61:/target:rw,Z" "-v" "/mnt/big/crater/work/local/test-source/worker-0/beta-1.31-5/master#8940af3cea4a9a9deabcaf843b2f8cad9a83fc61:/source:ro,Z" "-v" "/mnt/big/crater/work/local/cargo-home:/cargo-home:ro,Z" "-v" "/mnt/big/crater/work/local/rustup-home:/rustup-home:ro,Z" "-e" "USER_ID=1000" "-e" "SOURCE_DIR=/source" "-e" "USER_ID=1000" "-e" "CMD=cargo +8940af3cea4a9a9deabcaf843b2f8cad9a83fc61-alt build --frozen" "-e" "CARGO_TARGET_DIR=/target" "-e" "CARGO_INCREMENTAL=0" "-e" "RUST_BACKTRACE=full" "-e" "RUSTFLAGS=--cap-lints=warn" "-e" "CARGO_HOME=/cargo-home" "-e" "RUSTUP_HOME=/rustup-home" "-m" "1536M" "--network" "none" "crater"`
Nov 30 20:56:52.083 INFO [stdout] 18e28d22e69dc1e0f457014f5c68703cd61934ef33420431cfc7638a3216b667
Nov 30 20:56:52.086 INFO running `"docker" "start" "-a" "18e28d22e69dc1e0f457014f5c68703cd61934ef33420431cfc7638a3216b667"`
Nov 30 20:56:53.491 INFO [stderr] usermod: no changes
Nov 30 20:56:53.973 INFO [stderr]    Compiling rand_core v0.3.0
Nov 30 20:56:53.983 INFO [stderr]    Compiling futures v0.1.25
Nov 30 20:56:53.983 INFO [stderr]    Compiling failure_derive v0.1.3
Nov 30 20:56:53.983 INFO [stderr]    Compiling arc-swap v0.3.4
Nov 30 20:56:53.983 INFO [stderr]    Compiling regex v1.0.5
Nov 30 20:56:53.983 INFO [stderr]    Compiling untrusted v0.6.2
Nov 30 20:56:53.983 INFO [stderr]    Compiling ucd-util v0.1.2
Nov 30 20:56:53.987 INFO [stderr]    Compiling indexmap v1.0.2
Nov 30 20:56:58.604 INFO [stderr]    Compiling utf8-ranges v1.0.2
Nov 30 20:56:58.615 INFO [stderr]    Compiling htmlescape v0.3.1
Nov 30 20:56:58.647 INFO [stderr]    Compiling termcolor v1.0.4
Nov 30 20:56:58.655 INFO [stderr]    Compiling unicase v2.2.0
Nov 30 20:56:59.359 INFO [stderr]    Compiling memchr v2.1.1
Nov 30 20:57:00.107 INFO [stderr]    Compiling actix-web v0.7.13
Nov 30 20:57:00.507 INFO [stderr]    Compiling backtrace-sys v0.1.24
Nov 30 20:57:03.852 INFO [stderr]    Compiling miniz-sys v0.1.11
Nov 30 20:57:03.852 INFO [stderr]    Compiling ring v0.13.2
Nov 30 20:57:03.852 INFO [stderr]    Compiling brotli-sys v0.3.2
Nov 30 20:57:03.863 INFO [stderr]    Compiling hostname v0.1.5
Nov 30 20:57:03.947 INFO [stderr]    Compiling net2 v0.2.33
Nov 30 20:57:03.987 INFO [stderr]    Compiling socket2 v0.3.8
Nov 30 20:57:06.259 INFO [stderr]    Compiling base64 v0.9.3
Nov 30 20:57:10.623 INFO [stderr]    Compiling regex-syntax v0.5.6
Nov 30 20:57:10.623 INFO [stderr]    Compiling regex-syntax v0.6.2
Nov 30 20:57:10.811 INFO [stderr]    Compiling rand_core v0.2.2
Nov 30 20:57:11.267 INFO [stderr]    Compiling signal-hook v0.1.5
Nov 30 20:57:11.851 INFO [stderr]    Compiling bytes v0.4.10
Nov 30 20:57:12.167 INFO [stderr]    Compiling syn v0.11.11
Nov 30 20:57:13.820 INFO [stderr]    Compiling resolv-conf v0.6.1
Nov 30 20:57:20.008 INFO [stderr]    Compiling r2d2 v0.8.3
Nov 30 20:57:23.375 INFO [stderr]    Compiling mio v0.6.16
Nov 30 20:57:23.414 INFO [stderr]    Compiling rand v0.5.5
Nov 30 20:57:31.109 INFO [stderr]    Compiling url v1.7.1
Nov 30 20:57:59.111 INFO [stderr]    Compiling http v0.1.13
Nov 30 20:57:59.112 INFO [stderr]    Compiling crossbeam-epoch v0.5.2
Nov 30 20:57:59.395 INFO [stderr]    Compiling crossbeam-epoch v0.6.0
Nov 30 20:57:59.473 INFO [stderr]    Compiling thread_local v0.3.6
Nov 30 20:57:59.664 INFO [stderr]    Compiling syn v0.15.18
Nov 30 20:57:59.691 INFO [stderr]    Compiling tokio-executor v0.1.5
Nov 30 20:58:00.015 INFO [stderr]    Compiling tokio-io v0.1.10
Nov 30 20:58:05.187 INFO [stderr]    Compiling tower-service v0.1.0
Nov 30 20:58:05.188 INFO [stderr]    Compiling futures-cpupool v0.1.8
Nov 30 20:58:05.267 INFO [stderr]    Compiling aho-corasick v0.6.9
Nov 30 20:58:06.459 INFO [stderr]    Compiling mime v0.3.12
Nov 30 20:58:06.527 INFO [stderr]    Compiling mio-uds v0.6.7
Nov 30 20:58:07.471 INFO [stderr]    Compiling uuid v0.7.1
Nov 30 20:58:09.919 INFO [stderr]    Compiling derive-error-chain v0.10.1
Nov 30 20:58:10.544 INFO [stderr]    Compiling serde_urlencoded v0.5.3
Nov 30 20:58:10.603 INFO [stderr]    Compiling parking_lot_core v0.3.1
Nov 30 20:58:13.669 INFO [stderr]    Compiling flate2 v1.0.4
Nov 30 20:58:15.443 INFO [stderr]    Compiling backtrace v0.2.3
Nov 30 20:58:15.443 INFO [stderr]    Compiling backtrace v0.3.9
Nov 30 20:58:15.472 INFO [stderr]    Compiling phf_generator v0.7.23
Nov 30 20:58:20.510 INFO [stderr]    Compiling diesel v1.3.3
Nov 30 20:58:20.511 INFO [stderr]    Compiling tokio-current-thread v0.1.3
Nov 30 20:58:20.543 INFO [stderr]    Compiling tokio-timer v0.2.7
Nov 30 20:58:20.787 INFO [stderr]    Compiling tokio-codec v0.1.1
Nov 30 20:58:29.267 INFO [stderr]    Compiling crossbeam-deque v0.6.1
Nov 30 20:58:29.843 INFO [stderr]    Compiling brotli2 v0.3.2
Nov 30 20:58:29.983 INFO [stderr]    Compiling regex v0.2.11
Nov 30 20:58:33.465 INFO [stderr]    Compiling phf_codegen v0.7.23
Nov 30 20:58:34.471 INFO [stderr]    Compiling parking_lot v0.6.4
Nov 30 20:58:35.608 INFO [stderr]    Compiling error-chain v0.10.0
Nov 30 20:58:44.399 INFO [stderr]    Compiling error-chain v0.1.12
Nov 30 20:58:45.787 INFO [stderr]    Compiling tokio-threadpool v0.1.8
Nov 30 20:58:47.387 INFO [stderr]    Compiling mime_guess v2.0.0-alpha.6
Nov 30 20:58:49.791 INFO [stderr]    Compiling tokio-reactor v0.1.6
Nov 30 20:59:29.628 INFO [stderr]    Compiling crossbeam-channel v0.2.6
Nov 30 20:59:30.032 INFO [stderr]    Compiling h2 v0.1.13
Nov 30 20:59:30.303 INFO [stderr]    Compiling cookie v0.11.0
Nov 30 20:59:31.849 INFO [stderr]    Compiling tokio-tcp v0.1.2
Nov 30 20:59:31.891 INFO [stderr]    Compiling tokio-udp v0.1.2
Nov 30 20:59:32.408 INFO [stderr]    Compiling tokio-uds v0.2.3
Nov 30 20:59:32.952 INFO [stderr]    Compiling tokio-signal v0.2.6
Nov 30 20:59:41.516 INFO [stderr]    Compiling tokio-fs v0.1.4
Nov 30 20:59:41.559 INFO [stderr]    Compiling dotenv v0.10.1
Nov 30 20:59:41.679 INFO [stderr]    Compiling env_logger v0.5.13
Nov 30 20:59:41.680 INFO [stderr]    Compiling synstructure v0.10.1
Nov 30 20:59:41.848 INFO [stderr]    Compiling actix_derive v0.3.2
Nov 30 20:59:43.119 INFO [stderr]    Compiling serde_derive v1.0.80
Nov 30 20:59:54.979 INFO [stderr]    Compiling trust-dns-proto v0.4.3
Nov 30 20:59:55.080 INFO [stderr]    Compiling tokio v0.1.11
Nov 30 21:00:19.660 INFO [stderr]    Compiling trust-dns-resolver v0.9.1
Nov 30 21:00:23.133 INFO [stderr]    Compiling failure v0.1.3
Nov 30 21:00:27.291 INFO [stderr]    Compiling trust-dns-proto v0.5.0
Nov 30 21:00:48.523 INFO [stderr]    Compiling actix v0.7.5
Nov 30 21:00:59.507 INFO [stderr]    Compiling trust-dns-resolver v0.10.0
Nov 30 21:01:21.415 INFO [stderr]    Compiling actix-net v0.1.1
Nov 30 21:02:04.179 INFO [stderr]    Compiling hello-rust v0.1.0 (/source)
Nov 30 21:02:05.255 INFO [stderr] warning: cannot find type `SystemTime` in this scope
Nov 30 21:02:05.255 INFO [stderr]  --> src/models/thing.rs:3:21
Nov 30 21:02:05.255 INFO [stderr]   |
Nov 30 21:02:05.255 INFO [stderr] 3 | #[derive(Serialize, Queryable)]
Nov 30 21:02:05.255 INFO [stderr]   |                     ^^^^^^^^^ names from parent modules are not accessible without an explicit import
Nov 30 21:02:05.255 INFO [stderr]   |
Nov 30 21:02:05.255 INFO [stderr]   = note: #[warn(proc_macro_derive_resolution_fallback)] on by default
Nov 30 21:02:05.255 INFO [stderr]   = warning: this was previously accepted by the compiler but is being phased out; it will become a hard error in a future release!
Nov 30 21:02:05.255 INFO [stderr]   = note: for more information, see issue #50504 <https://github.com/rust-lang/rust/issues/50504>
Nov 30 21:02:05.255 INFO [stderr] 
Nov 30 21:02:05.255 INFO [stderr] warning: cannot find type `SystemTime` in this scope
Nov 30 21:02:05.255 INFO [stderr]  --> src/models/thing.rs:3:21
Nov 30 21:02:05.255 INFO [stderr]   |
Nov 30 21:02:05.255 INFO [stderr] 3 | #[derive(Serialize, Queryable)]
Nov 30 21:02:05.255 INFO [stderr]   |                     ^^^^^^^^^ names from parent modules are not accessible without an explicit import
Nov 30 21:02:05.255 INFO [stderr]   |
Nov 30 21:02:05.255 INFO [stderr]   = warning: this was previously accepted by the compiler but is being phased out; it will become a hard error in a future release!
Nov 30 21:02:05.255 INFO [stderr]   = note: for more information, see issue #50504 <https://github.com/rust-lang/rust/issues/50504>
Nov 30 21:02:05.255 INFO [stderr] 
Nov 30 21:02:05.255 INFO [stderr] warning: cannot find type `Thing` in this scope
Nov 30 21:02:05.255 INFO [stderr]  --> src/models/thing.rs:3:21
Nov 30 21:02:05.255 INFO [stderr]   |
Nov 30 21:02:05.255 INFO [stderr] 3 | #[derive(Serialize, Queryable)]
Nov 30 21:02:05.255 INFO [stderr]   |                     ^^^^^^^^^ names from parent modules are not accessible without an explicit import
Nov 30 21:02:05.255 INFO [stderr]   |
Nov 30 21:02:05.255 INFO [stderr]   = warning: this was previously accepted by the compiler but is being phased out; it will become a hard error in a future release!
Nov 30 21:02:05.255 INFO [stderr]   = note: for more information, see issue #50504 <https://github.com/rust-lang/rust/issues/50504>
Nov 30 21:02:05.255 INFO [stderr] 
Nov 30 21:02:05.255 INFO [stderr] warning: cannot find type `table` in this scope
Nov 30 21:02:05.255 INFO [stderr]    --> <::diesel::macros::table_body macros>:165:33
Nov 30 21:02:05.255 INFO [stderr]     |
Nov 30 21:02:05.255 INFO [stderr] 165 | derive ( Debug , Clone , Copy , QueryId ) ] /// The actual table struct
Nov 30 21:02:05.255 INFO [stderr]     |                                 ^^^^^^^ names from parent modules are not accessible without an explicit import
Nov 30 21:02:05.255 INFO [stderr]     |
Nov 30 21:02:05.255 INFO [stderr]     = warning: this was previously accepted by the compiler but is being phased out; it will become a hard error in a future release!
Nov 30 21:02:05.255 INFO [stderr]     = note: for more information, see issue #50504 <https://github.com/rust-lang/rust/issues/50504>
Nov 30 21:02:05.255 INFO [stderr] 
Nov 30 21:02:05.255 INFO [stderr] warning: cannot find type `id` in this scope
Nov 30 21:02:05.255 INFO [stderr]  --> <::diesel::macros::__diesel_column macros>:5:33
Nov 30 21:02:05.255 INFO [stderr]   |
Nov 30 21:02:05.255 INFO [stderr] 5 | derive ( Debug , Clone , Copy , QueryId , Default ) ] pub struct $ column_name
Nov 30 21:02:05.255 INFO [stderr]   |                                 ^^^^^^^ names from parent modules are not accessible without an explicit import
Nov 30 21:02:05.255 INFO [stderr]   |
Nov 30 21:02:05.255 INFO [stderr]   = warning: this was previously accepted by the compiler but is being phased out; it will become a hard error in a future release!
Nov 30 21:02:05.255 INFO [stderr]   = note: for more information, see issue #50504 <https://github.com/rust-lang/rust/issues/50504>
Nov 30 21:02:05.255 INFO [stderr] 
Nov 30 21:02:05.255 INFO [stderr] warning: cannot find type `name` in this scope
Nov 30 21:02:05.255 INFO [stderr]  --> <::diesel::macros::__diesel_column macros>:5:33
Nov 30 21:02:05.255 INFO [stderr]   |
Nov 30 21:02:05.255 INFO [stderr] 5 | derive ( Debug , Clone , Copy , QueryId , Default ) ] pub struct $ column_name
Nov 30 21:02:05.255 INFO [stderr]   |                                 ^^^^^^^ names from parent modules are not accessible without an explicit import
Nov 30 21:02:05.255 INFO [stderr]   |
Nov 30 21:02:05.255 INFO [stderr]   = warning: this was previously accepted by the compiler but is being phased out; it will become a hard error in a future release!
Nov 30 21:02:05.255 INFO [stderr]   = note: for more information, see issue #50504 <https://github.com/rust-lang/rust/issues/50504>
Nov 30 21:02:05.255 INFO [stderr] 
Nov 30 21:02:05.255 INFO [stderr] warning: cannot find type `created_at` in this scope
Nov 30 21:02:05.255 INFO [stderr]  --> <::diesel::macros::__diesel_column macros>:5:33
Nov 30 21:02:05.255 INFO [stderr]   |
Nov 30 21:02:05.255 INFO [stderr] 5 | derive ( Debug , Clone , Copy , QueryId , Default ) ] pub struct $ column_name
Nov 30 21:02:05.255 INFO [stderr]   |                                 ^^^^^^^ names from parent modules are not accessible without an explicit import
Nov 30 21:02:05.255 INFO [stderr]   |
Nov 30 21:02:05.255 INFO [stderr]   = warning: this was previously accepted by the compiler but is being phased out; it will become a hard error in a future release!
Nov 30 21:02:05.255 INFO [stderr]   = note: for more information, see issue #50504 <https://github.com/rust-lang/rust/issues/50504>
Nov 30 21:02:05.255 INFO [stderr] 
Nov 30 21:02:05.255 INFO [stderr] warning: cannot find type `updated_at` in this scope
Nov 30 21:02:05.255 INFO [stderr]  --> <::diesel::macros::__diesel_column macros>:5:33
Nov 30 21:02:05.255 INFO [stderr]   |
Nov 30 21:02:05.255 INFO [stderr] 5 | derive ( Debug , Clone , Copy , QueryId , Default ) ] pub struct $ column_name
Nov 30 21:02:05.255 INFO [stderr]   |                                 ^^^^^^^ names from parent modules are not accessible without an explicit import
Nov 30 21:02:05.255 INFO [stderr]   |
Nov 30 21:02:05.255 INFO [stderr]   = warning: this was previously accepted by the compiler but is being phased out; it will become a hard error in a future release!
Nov 30 21:02:05.255 INFO [stderr]   = note: for more information, see issue #50504 <https://github.com/rust-lang/rust/issues/50504>
Nov 30 21:02:05.255 INFO [stderr] 
Nov 30 21:02:22.014 INFO [stderr]     Finished dev [unoptimized + debuginfo] target(s) in 5m 28s
Nov 30 21:02:22.043 INFO [stderr] su: No module specific data is present
Nov 30 21:02:23.043 INFO running `"docker" "inspect" "18e28d22e69dc1e0f457014f5c68703cd61934ef33420431cfc7638a3216b667"`
Nov 30 21:02:23.350 INFO running `"docker" "rm" "-f" "18e28d22e69dc1e0f457014f5c68703cd61934ef33420431cfc7638a3216b667"`
Nov 30 21:02:23.636 INFO [stdout] 18e28d22e69dc1e0f457014f5c68703cd61934ef33420431cfc7638a3216b667
Nov 30 21:02:23.645 INFO running `"docker" "create" "-v" "/mnt/big/crater/work/local/target-dirs/beta-1.31-5/worker-0/master#8940af3cea4a9a9deabcaf843b2f8cad9a83fc61:/target:rw,Z" "-v" "/mnt/big/crater/work/local/test-source/worker-0/beta-1.31-5/master#8940af3cea4a9a9deabcaf843b2f8cad9a83fc61:/source:ro,Z" "-v" "/mnt/big/crater/work/local/cargo-home:/cargo-home:ro,Z" "-v" "/mnt/big/crater/work/local/rustup-home:/rustup-home:ro,Z" "-e" "USER_ID=1000" "-e" "SOURCE_DIR=/source" "-e" "USER_ID=1000" "-e" "CMD=cargo +8940af3cea4a9a9deabcaf843b2f8cad9a83fc61-alt test --frozen --no-run" "-e" "CARGO_TARGET_DIR=/target" "-e" "CARGO_INCREMENTAL=0" "-e" "RUST_BACKTRACE=full" "-e" "RUSTFLAGS=--cap-lints=warn" "-e" "CARGO_HOME=/cargo-home" "-e" "RUSTUP_HOME=/rustup-home" "-m" "1536M" "--network" "none" "crater"`
Nov 30 21:02:24.209 INFO [stdout] eca69fb96de80334f7a1c322023f8bdbc55981c62816cbdfc1a5b134cff412c4
Nov 30 21:02:24.211 INFO running `"docker" "start" "-a" "eca69fb96de80334f7a1c322023f8bdbc55981c62816cbdfc1a5b134cff412c4"`
Nov 30 21:02:25.379 INFO [stderr] usermod: no changes
Nov 30 21:02:25.869 INFO [stderr]    Compiling hello-rust v0.1.0 (/source)
Nov 30 21:02:27.095 INFO [stderr] warning: cannot find type `SystemTime` in this scope
Nov 30 21:02:27.095 INFO [stderr]  --> src/models/thing.rs:3:21
Nov 30 21:02:27.095 INFO [stderr]   |
Nov 30 21:02:27.095 INFO [stderr] 3 | #[derive(Serialize, Queryable)]
Nov 30 21:02:27.095 INFO [stderr]   |                     ^^^^^^^^^ names from parent modules are not accessible without an explicit import
Nov 30 21:02:27.095 INFO [stderr]   |
Nov 30 21:02:27.095 INFO [stderr]   = note: #[warn(proc_macro_derive_resolution_fallback)] on by default
Nov 30 21:02:27.095 INFO [stderr]   = warning: this was previously accepted by the compiler but is being phased out; it will become a hard error in a future release!
Nov 30 21:02:27.095 INFO [stderr]   = note: for more information, see issue #50504 <https://github.com/rust-lang/rust/issues/50504>
Nov 30 21:02:27.095 INFO [stderr] 
Nov 30 21:02:27.095 INFO [stderr] warning: cannot find type `SystemTime` in this scope
Nov 30 21:02:27.095 INFO [stderr]  --> src/models/thing.rs:3:21
Nov 30 21:02:27.095 INFO [stderr]   |
Nov 30 21:02:27.095 INFO [stderr] 3 | #[derive(Serialize, Queryable)]
Nov 30 21:02:27.095 INFO [stderr]   |                     ^^^^^^^^^ names from parent modules are not accessible without an explicit import
Nov 30 21:02:27.095 INFO [stderr]   |
Nov 30 21:02:27.095 INFO [stderr]   = warning: this was previously accepted by the compiler but is being phased out; it will become a hard error in a future release!
Nov 30 21:02:27.095 INFO [stderr]   = note: for more information, see issue #50504 <https://github.com/rust-lang/rust/issues/50504>
Nov 30 21:02:27.095 INFO [stderr] 
Nov 30 21:02:27.095 INFO [stderr] warning: cannot find type `Thing` in this scope
Nov 30 21:02:27.095 INFO [stderr]  --> src/models/thing.rs:3:21
Nov 30 21:02:27.095 INFO [stderr]   |
Nov 30 21:02:27.095 INFO [stderr] 3 | #[derive(Serialize, Queryable)]
Nov 30 21:02:27.095 INFO [stderr]   |                     ^^^^^^^^^ names from parent modules are not accessible without an explicit import
Nov 30 21:02:27.095 INFO [stderr]   |
Nov 30 21:02:27.095 INFO [stderr]   = warning: this was previously accepted by the compiler but is being phased out; it will become a hard error in a future release!
Nov 30 21:02:27.095 INFO [stderr]   = note: for more information, see issue #50504 <https://github.com/rust-lang/rust/issues/50504>
Nov 30 21:02:27.095 INFO [stderr] 
Nov 30 21:02:27.095 INFO [stderr] warning: cannot find type `table` in this scope
Nov 30 21:02:27.095 INFO [stderr]    --> <::diesel::macros::table_body macros>:165:33
Nov 30 21:02:27.095 INFO [stderr]     |
Nov 30 21:02:27.095 INFO [stderr] 165 | derive ( Debug , Clone , Copy , QueryId ) ] /// The actual table struct
Nov 30 21:02:27.095 INFO [stderr]     |                                 ^^^^^^^ names from parent modules are not accessible without an explicit import
Nov 30 21:02:27.095 INFO [stderr]     |
Nov 30 21:02:27.095 INFO [stderr]     = warning: this was previously accepted by the compiler but is being phased out; it will become a hard error in a future release!
Nov 30 21:02:27.095 INFO [stderr]     = note: for more information, see issue #50504 <https://github.com/rust-lang/rust/issues/50504>
Nov 30 21:02:27.095 INFO [stderr] 
Nov 30 21:02:27.103 INFO [stderr] warning: cannot find type `id` in this scope
Nov 30 21:02:27.103 INFO [stderr]  --> <::diesel::macros::__diesel_column macros>:5:33
Nov 30 21:02:27.103 INFO [stderr]   |
Nov 30 21:02:27.103 INFO [stderr] 5 | derive ( Debug , Clone , Copy , QueryId , Default ) ] pub struct $ column_name
Nov 30 21:02:27.103 INFO [stderr]   |                                 ^^^^^^^ names from parent modules are not accessible without an explicit import
Nov 30 21:02:27.103 INFO [stderr]   |
Nov 30 21:02:27.103 INFO [stderr]   = warning: this was previously accepted by the compiler but is being phased out; it will become a hard error in a future release!
Nov 30 21:02:27.103 INFO [stderr]   = note: for more information, see issue #50504 <https://github.com/rust-lang/rust/issues/50504>
Nov 30 21:02:27.103 INFO [stderr] 
Nov 30 21:02:27.103 INFO [stderr] warning: cannot find type `name` in this scope
Nov 30 21:02:27.103 INFO [stderr]  --> <::diesel::macros::__diesel_column macros>:5:33
Nov 30 21:02:27.103 INFO [stderr]   |
Nov 30 21:02:27.103 INFO [stderr] 5 | derive ( Debug , Clone , Copy , QueryId , Default ) ] pub struct $ column_name
Nov 30 21:02:27.103 INFO [stderr]   |                                 ^^^^^^^ names from parent modules are not accessible without an explicit import
Nov 30 21:02:27.103 INFO [stderr]   |
Nov 30 21:02:27.103 INFO [stderr]   = warning: this was previously accepted by the compiler but is being phased out; it will become a hard error in a future release!
Nov 30 21:02:27.103 INFO [stderr]   = note: for more information, see issue #50504 <https://github.com/rust-lang/rust/issues/50504>
Nov 30 21:02:27.103 INFO [stderr] 
Nov 30 21:02:27.103 INFO [stderr] warning: cannot find type `created_at` in this scope
Nov 30 21:02:27.103 INFO [stderr]  --> <::diesel::macros::__diesel_column macros>:5:33
Nov 30 21:02:27.103 INFO [stderr]   |
Nov 30 21:02:27.103 INFO [stderr] 5 | derive ( Debug , Clone , Copy , QueryId , Default ) ] pub struct $ column_name
Nov 30 21:02:27.103 INFO [stderr]   |                                 ^^^^^^^ names from parent modules are not accessible without an explicit import
Nov 30 21:02:27.103 INFO [stderr]   |
Nov 30 21:02:27.103 INFO [stderr]   = warning: this was previously accepted by the compiler but is being phased out; it will become a hard error in a future release!
Nov 30 21:02:27.103 INFO [stderr]   = note: for more information, see issue #50504 <https://github.com/rust-lang/rust/issues/50504>
Nov 30 21:02:27.103 INFO [stderr] 
Nov 30 21:02:27.103 INFO [stderr] warning: cannot find type `updated_at` in this scope
Nov 30 21:02:27.103 INFO [stderr]  --> <::diesel::macros::__diesel_column macros>:5:33
Nov 30 21:02:27.103 INFO [stderr]   |
Nov 30 21:02:27.103 INFO [stderr] 5 | derive ( Debug , Clone , Copy , QueryId , Default ) ] pub struct $ column_name
Nov 30 21:02:27.103 INFO [stderr]   |                                 ^^^^^^^ names from parent modules are not accessible without an explicit import
Nov 30 21:02:27.103 INFO [stderr]   |
Nov 30 21:02:27.103 INFO [stderr]   = warning: this was previously accepted by the compiler but is being phased out; it will become a hard error in a future release!
Nov 30 21:02:27.103 INFO [stderr]   = note: for more information, see issue #50504 <https://github.com/rust-lang/rust/issues/50504>
Nov 30 21:02:27.103 INFO [stderr] 
Nov 30 21:02:34.956 INFO [stderr]     Finished dev [unoptimized + debuginfo] target(s) in 9.56s
Nov 30 21:02:34.979 INFO [stderr] su: No module specific data is present
Nov 30 21:02:35.819 INFO running `"docker" "inspect" "eca69fb96de80334f7a1c322023f8bdbc55981c62816cbdfc1a5b134cff412c4"`
Nov 30 21:02:36.209 INFO running `"docker" "rm" "-f" "eca69fb96de80334f7a1c322023f8bdbc55981c62816cbdfc1a5b134cff412c4"`
Nov 30 21:02:36.570 INFO [stdout] eca69fb96de80334f7a1c322023f8bdbc55981c62816cbdfc1a5b134cff412c4
Nov 30 21:02:36.581 INFO running `"docker" "create" "-v" "/mnt/big/crater/work/local/target-dirs/beta-1.31-5/worker-0/master#8940af3cea4a9a9deabcaf843b2f8cad9a83fc61:/target:rw,Z" "-v" "/mnt/big/crater/work/local/test-source/worker-0/beta-1.31-5/master#8940af3cea4a9a9deabcaf843b2f8cad9a83fc61:/source:ro,Z" "-v" "/mnt/big/crater/work/local/cargo-home:/cargo-home:ro,Z" "-v" "/mnt/big/crater/work/local/rustup-home:/rustup-home:ro,Z" "-e" "USER_ID=1000" "-e" "SOURCE_DIR=/source" "-e" "USER_ID=1000" "-e" "CMD=cargo +8940af3cea4a9a9deabcaf843b2f8cad9a83fc61-alt test --frozen" "-e" "CARGO_TARGET_DIR=/target" "-e" "CARGO_INCREMENTAL=0" "-e" "RUST_BACKTRACE=full" "-e" "RUSTFLAGS=--cap-lints=warn" "-e" "CARGO_HOME=/cargo-home" "-e" "RUSTUP_HOME=/rustup-home" "-m" "1536M" "--network" "none" "crater"`
Nov 30 21:02:37.107 INFO [stdout] 451252a0a1066a2ea022c5e20fc0ce0f4e34fbd0f1fa6724e73306fc64d64548
Nov 30 21:02:37.110 INFO running `"docker" "start" "-a" "451252a0a1066a2ea022c5e20fc0ce0f4e34fbd0f1fa6724e73306fc64d64548"`
Nov 30 21:02:39.019 INFO [stderr] usermod: no changes
Nov 30 21:02:39.423 INFO [stderr]     Finished dev [unoptimized + debuginfo] target(s) in 0.38s
Nov 30 21:02:39.433 INFO [stderr]      Running /target/debug/deps/hello_rust-cb3a8fe23d6cdf33
Nov 30 21:02:39.447 INFO [stdout] 
Nov 30 21:02:39.447 INFO [stdout] running 1 test
Nov 30 21:02:39.704 INFO [stdout] test db::thing::tests::get_thing_when_it_exists ... FAILED
Nov 30 21:02:39.704 INFO [stdout] 
Nov 30 21:02:39.704 INFO [stdout] failures:
Nov 30 21:02:39.704 INFO [stdout] 
Nov 30 21:02:39.704 INFO [stdout] ---- db::thing::tests::get_thing_when_it_exists stdout ----
Nov 30 21:02:39.704 INFO [stdout] thread 'db::thing::tests::get_thing_when_it_exists' panicked at 'called `Result::unwrap()` on an `Err` value: NotPresent', libcore/result.rs:1009:5
Nov 30 21:02:39.704 INFO [stdout] stack backtrace:
Nov 30 21:02:39.704 INFO [stdout]    0:     0x5582f2a7818f - std::sys::unix::backtrace::tracing::imp::unwind_backtrace::h3a8b83e1922cbdde
Nov 30 21:02:39.704 INFO [stdout]                                at libstd/sys/unix/backtrace/tracing/gcc_s.rs:49
Nov 30 21:02:39.704 INFO [stdout]    1:     0x5582f2a81537 - std::sys_common::backtrace::print::h00d3155a29b4020f
Nov 30 21:02:39.704 INFO [stdout]                                at libstd/sys_common/backtrace.rs:71
Nov 30 21:02:39.704 INFO [stdout]                                at libstd/sys_common/backtrace.rs:59
Nov 30 21:02:39.704 INFO [stdout]    2:     0x5582f2a7bfff - std::panicking::default_hook::{{closure}}::hd7465c742e79e1bb
Nov 30 21:02:39.704 INFO [stdout]                                at libstd/panicking.rs:211
Nov 30 21:02:39.704 INFO [stdout]    3:     0x5582f2a7bcfe - std::panicking::default_hook::h9e3966f2aa2a6e12
Nov 30 21:02:39.704 INFO [stdout]                                at libstd/panicking.rs:221
Nov 30 21:02:39.704 INFO [stdout]    4:     0x5582f2a7c6de - std::panicking::rust_panic_with_hook::h587f091ae747d080
Nov 30 21:02:39.704 INFO [stdout]                                at libstd/panicking.rs:476
Nov 30 21:02:39.704 INFO [stdout]    5:     0x5582f2a7c281 - std::panicking::continue_panic_fmt::hb3a4fdede87f43a8
Nov 30 21:02:39.704 INFO [stdout]                                at libstd/panicking.rs:390
Nov 30 21:02:39.704 INFO [stdout]    6:     0x5582f2a7c165 - rust_begin_unwind
Nov 30 21:02:39.704 INFO [stdout]                                at libstd/panicking.rs:325
Nov 30 21:02:39.704 INFO [stdout]    7:     0x5582f2abc8bc - core::panicking::panic_fmt::h6f9cebf5e7474a0b
Nov 30 21:02:39.704 INFO [stdout]                                at libcore/panicking.rs:77
Nov 30 21:02:39.704 INFO [stdout]    8:     0x5582f280c91b - core::result::unwrap_failed::h7313fc422b88ad51
Nov 30 21:02:39.704 INFO [stdout]                                at libcore/macros.rs:26
Nov 30 21:02:39.704 INFO [stdout]    9:     0x5582f280bb8e - <core::result::Result<T, E>>::unwrap::ha9eca13ceae6b046
Nov 30 21:02:39.704 INFO [stdout]                                at libcore/result.rs:808
Nov 30 21:02:39.704 INFO [stdout]   10:     0x5582f2810c80 - hello_rust::db::tests::get_conn::hdabdda236b280875
Nov 30 21:02:39.704 INFO [stdout]                                at src/db/mod.rs:21
Nov 30 21:02:39.704 INFO [stdout]   11:     0x5582f280fa30 - hello_rust::db::thing::tests::get_thing_when_it_exists::hc12e01d59b9b177a
Nov 30 21:02:39.704 INFO [stdout]                                at src/db/thing.rs:45
Nov 30 21:02:39.704 INFO [stdout]   12:     0x5582f280f9f9 - hello_rust::db::thing::tests::get_thing_when_it_exists::{{closure}}::hee4bf3fb2da0355e
Nov 30 21:02:39.704 INFO [stdout]                                at src/db/thing.rs:44
Nov 30 21:02:39.704 INFO [stdout]   13:     0x5582f28111dd - core::ops::function::FnOnce::call_once::h03112ace4be6bd01
Nov 30 21:02:39.704 INFO [stdout]                                at libcore/ops/function.rs:238
Nov 30 21:02:39.704 INFO [stdout]   14:     0x5582f281e80e - <F as alloc::boxed::FnBox<A>>::call_box::hac903f91577a156c
Nov 30 21:02:39.704 INFO [stdout]                                at libtest/lib.rs:1468
Nov 30 21:02:39.704 INFO [stdout]                                at libcore/ops/function.rs:238
Nov 30 21:02:39.704 INFO [stdout]                                at liballoc/boxed.rs:672
Nov 30 21:02:39.704 INFO [stdout]   15:     0x5582f2a8c4e9 - __rust_maybe_catch_panic
Nov 30 21:02:39.704 INFO [stdout]                                at libpanic_unwind/lib.rs:102
Nov 30 21:02:39.704 INFO [stdout]   16:     0x5582f2840462 - std::sys_common::backtrace::__rust_begin_short_backtrace::hb8f0d0309526c184
Nov 30 21:02:39.704 INFO [stdout]                                at libstd/panicking.rs:289
Nov 30 21:02:39.704 INFO [stdout]                                at libstd/panic.rs:392
Nov 30 21:02:39.704 INFO [stdout]                                at libtest/lib.rs:1423
Nov 30 21:02:39.704 INFO [stdout]                                at libstd/sys_common/backtrace.rs:136
Nov 30 21:02:39.704 INFO [stdout]   17:     0x5582f2840f14 - std::panicking::try::do_call::hc2f7c8b9a348d8db
Nov 30 21:02:39.704 INFO [stdout]                                at libstd/thread/mod.rs:409
Nov 30 21:02:39.704 INFO [stdout]                                at libstd/panic.rs:313
Nov 30 21:02:39.704 INFO [stdout]                                at libstd/panicking.rs:310
Nov 30 21:02:39.704 INFO [stdout]   18:     0x5582f2a8c4e9 - __rust_maybe_catch_panic
Nov 30 21:02:39.704 INFO [stdout]                                at libpanic_unwind/lib.rs:102
Nov 30 21:02:39.704 INFO [stdout]   19:     0x5582f282e14c - <F as alloc::boxed::FnBox<A>>::call_box::h6bfded618e480b32
Nov 30 21:02:39.704 INFO [stdout]                                at libstd/panicking.rs:289
Nov 30 21:02:39.704 INFO [stdout]                                at libstd/panic.rs:392
Nov 30 21:02:39.704 INFO [stdout]                                at libstd/thread/mod.rs:408
Nov 30 21:02:39.705 INFO [stdout]                                at liballoc/boxed.rs:672
Nov 30 21:02:39.705 INFO [stdout]   20:     0x5582f2a79edd - std::sys_common::thread::start_thread::h4c28257d67cdf9cb
Nov 30 21:02:39.705 INFO [stdout]                                at liballoc/boxed.rs:682
Nov 30 21:02:39.705 INFO [stdout]                                at libstd/sys_common/thread.rs:24
Nov 30 21:02:39.705 INFO [stdout]   21:     0x5582f2a6eca5 - std::sys::unix::thread::Thread::new::thread_start::hfecb2e7eff8fd34f
Nov 30 21:02:39.705 INFO [stdout]                                at libstd/sys/unix/thread.rs:90
Nov 30 21:02:39.705 INFO [stdout]   22:     0x7f6f8312f6b9 - start_thread
Nov 30 21:02:39.705 INFO [stdout]   23:     0x7f6f82c4f41c - clone
Nov 30 21:02:39.705 INFO [stdout]   24:                0x0 - <unknown>
Nov 30 21:02:39.705 INFO [stdout] 
Nov 30 21:02:39.705 INFO [stdout] 
Nov 30 21:02:39.705 INFO [stdout] failures:
Nov 30 21:02:39.705 INFO [stdout]     db::thing::tests::get_thing_when_it_exists
Nov 30 21:02:39.705 INFO [stdout] 
Nov 30 21:02:39.705 INFO [stdout] test result: FAILED. 0 passed; 1 failed; 0 ignored; 0 measured; 0 filtered out
Nov 30 21:02:39.705 INFO [stdout] 
Nov 30 21:02:39.721 INFO [stderr] error: test failed, to rerun pass '--bin hello-rust'
Nov 30 21:02:39.731 INFO [stderr] su: No module specific data is present
Nov 30 21:02:40.665 INFO running `"docker" "inspect" "451252a0a1066a2ea022c5e20fc0ce0f4e34fbd0f1fa6724e73306fc64d64548"`
Nov 30 21:02:40.997 INFO running `"docker" "rm" "-f" "451252a0a1066a2ea022c5e20fc0ce0f4e34fbd0f1fa6724e73306fc64d64548"`
Nov 30 21:02:41.361 INFO [stdout] 451252a0a1066a2ea022c5e20fc0ce0f4e34fbd0f1fa6724e73306fc64d64548
